{"id":2899,"date":"2025-05-23T17:17:29","date_gmt":"2025-05-23T15:17:29","guid":{"rendered":"https:\/\/dapsenegal.com\/?page_id=2899"},"modified":"2025-05-26T14:24:17","modified_gmt":"2025-05-26T12:24:17","slug":"reparation-entretien-de-vehicules","status":"publish","type":"page","link":"https:\/\/dapsenegal.com\/?page_id=2899","title":{"rendered":"R\u00e9paration &amp; entretien de v\u00e9hicules"},"content":{"rendered":"\t\t<div data-elementor-type=\"wp-page\" data-elementor-id=\"2899\" class=\"elementor elementor-2899\" data-elementor-post-type=\"page\">\n\t\t\t\t<div class=\"elementor-element elementor-element-17afad3 e-flex e-con-boxed e-con e-parent\" data-id=\"17afad3\" data-element_type=\"container\">\n\t\t\t\t\t<div class=\"e-con-inner\">\n\t\t<div class=\"elementor-element elementor-element-0002d97 e-con-full e-flex e-con e-child\" data-id=\"0002d97\" data-element_type=\"container\">\n\t\t\t\t<div class=\"elementor-element elementor-element-3099504 elementor-widget elementor-widget-image\" data-id=\"3099504\" data-element_type=\"widget\" data-widget_type=\"image.default\">\n\t\t\t\t<div class=\"elementor-widget-container\">\n\t\t\t\t\t\t\t\t\t\t\t\t\t<img fetchpriority=\"high\" decoding=\"async\" width=\"640\" height=\"480\" src=\"https:\/\/dapsenegal.com\/wp-content\/uploads\/2024\/10\/WhatsApp-Image-2023-03-01-a-01.49.57-1.jpg\" class=\"attachment-large size-large wp-image-2746\" alt=\"\" srcset=\"https:\/\/dapsenegal.com\/wp-content\/uploads\/2024\/10\/WhatsApp-Image-2023-03-01-a-01.49.57-1.jpg 1024w, https:\/\/dapsenegal.com\/wp-content\/uploads\/2024\/10\/WhatsApp-Image-2023-03-01-a-01.49.57-1-300x225.jpg 300w, https:\/\/dapsenegal.com\/wp-content\/uploads\/2024\/10\/WhatsApp-Image-2023-03-01-a-01.49.57-1-768x576.jpg 768w, https:\/\/dapsenegal.com\/wp-content\/uploads\/2024\/10\/WhatsApp-Image-2023-03-01-a-01.49.57-1-655x491.jpg 655w, https:\/\/dapsenegal.com\/wp-content\/uploads\/2024\/10\/WhatsApp-Image-2023-03-01-a-01.49.57-1-600x450.jpg 600w\" sizes=\"(max-width: 640px) 100vw, 640px\" \/>\t\t\t\t\t\t\t\t\t\t\t\t\t<\/div>\n\t\t\t\t<\/div>\n\t\t\t\t<\/div>\n\t\t<div class=\"elementor-element elementor-element-4ec88f0 e-con-full e-flex e-con e-child\" data-id=\"4ec88f0\" data-element_type=\"container\">\n\t\t\t\t<div class=\"elementor-element elementor-element-77a8660 elementor-widget elementor-widget-heading\" data-id=\"77a8660\" data-element_type=\"widget\" data-widget_type=\"heading.default\">\n\t\t\t\t<div class=\"elementor-widget-container\">\n\t\t\t<h2 class=\"elementor-heading-title elementor-size-default\">Le c\u0153ur de notre m\u00e9tier, la fiert\u00e9 de DAP S\u00e9n\u00e9gal<\/h2>\t\t<\/div>\n\t\t\t\t<\/div>\n\t\t\t\t<div class=\"elementor-element elementor-element-4edae90 elementor-widget elementor-widget-text-editor\" data-id=\"4edae90\" data-element_type=\"widget\" data-widget_type=\"text-editor.default\">\n\t\t\t\t<div class=\"elementor-widget-container\">\n\t\t\t\t\t\t\t<p>La <strong data-start=\"478\" data-end=\"520\">r\u00e9paration et l\u2019entretien de v\u00e9hicules<\/strong> ne sont pas de simples prestations : c\u2019est notre <strong data-start=\"570\" data-end=\"594\">expertise principale<\/strong>, celle qui a b\u00e2ti notre r\u00e9putation depuis 2017.<\/p><h3 data-start=\"868\" data-end=\"918\">Pourquoi choisir DAP pour vos r\u00e9parations ?<\/h3><ul data-start=\"920\" data-end=\"1483\"><li data-start=\"920\" data-end=\"1052\"><p data-start=\"922\" data-end=\"1052\">Parce que <strong data-start=\"932\" data-end=\"980\">chaque v\u00e9hicule m\u00e9rite une attention experte<\/strong>, nous effectuons des diagnostics pr\u00e9cis avec du mat\u00e9riel professionnel.<\/p><\/li><li data-start=\"1053\" data-end=\"1199\"><p data-start=\"1055\" data-end=\"1199\">Parce que <strong data-start=\"1065\" data-end=\"1102\">votre s\u00e9curit\u00e9 est notre priorit\u00e9<\/strong>, nous intervenons sur tous types de pannes m\u00e9caniques, \u00e9lectroniques et techniques avec rigueur.<\/p><\/li><li data-start=\"1200\" data-end=\"1308\"><p data-start=\"1202\" data-end=\"1308\">Parce que <strong data-start=\"1212\" data-end=\"1249\">nous vous faisons gagner du temps<\/strong>, nos d\u00e9lais sont ma\u00eetris\u00e9s et nos interventions garanties.<\/p><\/li><li data-start=\"1309\" data-end=\"1483\"><p data-start=\"1311\" data-end=\"1483\">Parce que <strong data-start=\"1321\" data-end=\"1367\">nous ne vous laissons jamais sans solution<\/strong>, nous proposons un suivi complet, des conseils personnalis\u00e9s et des forfaits d\u2019entretien adapt\u00e9s \u00e0 chaque v\u00e9hicule.<\/p><\/li><\/ul>\t\t\t\t\t\t<\/div>\n\t\t\t\t<\/div>\n\t\t\t\t<\/div>\n\t\t\t\t\t<\/div>\n\t\t\t\t<\/div>\n\t\t<div class=\"elementor-element elementor-element-b1c1ec3 e-flex e-con-boxed e-con e-parent\" data-id=\"b1c1ec3\" data-element_type=\"container\">\n\t\t\t\t\t<div class=\"e-con-inner\">\n\t\t<div class=\"elementor-element elementor-element-9030ad3 e-con-full animated-slow e-flex elementor-invisible e-con e-child\" data-id=\"9030ad3\" data-element_type=\"container\" data-settings=\"{&quot;animation&quot;:&quot;fadeInDown&quot;}\">\n\t\t\t\t<div class=\"elementor-element elementor-element-e0f52c4 animated-slow elementor-invisible elementor-widget elementor-widget-heading\" data-id=\"e0f52c4\" data-element_type=\"widget\" data-settings=\"{&quot;_animation&quot;:&quot;fadeInDown&quot;}\" data-widget_type=\"heading.default\">\n\t\t\t\t<div class=\"elementor-widget-container\">\n\t\t\t<h2 class=\"elementor-heading-title elementor-size-default\"> Nos services de r\u00e9paration incluent<\/h2>\t\t<\/div>\n\t\t\t\t<\/div>\n\t\t\t\t<\/div>\n\t\t\t\t\t<\/div>\n\t\t\t\t<\/div>\n\t\t<div class=\"elementor-element elementor-element-36c3372 e-flex e-con-boxed elementor-invisible e-con e-parent\" data-id=\"36c3372\" data-element_type=\"container\" data-settings=\"{&quot;animation&quot;:&quot;fadeInLeft&quot;}\">\n\t\t\t\t\t<div class=\"e-con-inner\">\n\t\t<div class=\"elementor-element elementor-element-26e4c88 e-con-full e-flex e-con e-child\" data-id=\"26e4c88\" data-element_type=\"container\">\n\t\t\t\t<div class=\"elementor-element elementor-element-a71faa9 elementor-position-top elementor-widget elementor-widget-image-box\" data-id=\"a71faa9\" data-element_type=\"widget\" data-widget_type=\"image-box.default\">\n\t\t\t\t<div class=\"elementor-widget-container\">\n\t\t\t<div class=\"elementor-image-box-wrapper\"><figure class=\"elementor-image-box-img\"><img decoding=\"async\" width=\"740\" height=\"494\" src=\"https:\/\/dapsenegal.com\/wp-content\/uploads\/2025\/05\/homme-moteur-controle-voiture_1150-1524.avif\" class=\"attachment-full size-full wp-image-2986\" alt=\"\" srcset=\"https:\/\/dapsenegal.com\/wp-content\/uploads\/2025\/05\/homme-moteur-controle-voiture_1150-1524.avif 740w, https:\/\/dapsenegal.com\/wp-content\/uploads\/2025\/05\/homme-moteur-controle-voiture_1150-1524-300x200.jpg 300w, https:\/\/dapsenegal.com\/wp-content\/uploads\/2025\/05\/homme-moteur-controle-voiture_1150-1524-736x491.jpg 736w, https:\/\/dapsenegal.com\/wp-content\/uploads\/2025\/05\/homme-moteur-controle-voiture_1150-1524-600x401.jpg 600w\" sizes=\"(max-width: 740px) 100vw, 740px\" \/><\/figure><div class=\"elementor-image-box-content\"><h3 class=\"elementor-image-box-title\">Diagnostic \u00e9lectronique complet<\/h3><p class=\"elementor-image-box-description\">Nous utilisons des valises de diagnostic de derni\u00e8re g\u00e9n\u00e9ration pour d\u00e9tecter avec pr\u00e9cision les pannes \u00e9lectroniques et m\u00e9caniques, afin d'intervenir de mani\u00e8re cibl\u00e9e et efficace d\u00e8s le premier passage \u00e0 l\u2019atelier.<\/p><\/div><\/div>\t\t<\/div>\n\t\t\t\t<\/div>\n\t\t\t\t<\/div>\n\t\t<div class=\"elementor-element elementor-element-59fd5cb e-con-full e-flex e-con e-child\" data-id=\"59fd5cb\" data-element_type=\"container\">\n\t\t\t\t<div class=\"elementor-element elementor-element-0ca32a8 elementor-position-top elementor-widget elementor-widget-image-box\" data-id=\"0ca32a8\" data-element_type=\"widget\" data-widget_type=\"image-box.default\">\n\t\t\t\t<div class=\"elementor-widget-container\">\n\t\t\t<div class=\"elementor-image-box-wrapper\"><figure class=\"elementor-image-box-img\"><img decoding=\"async\" width=\"2560\" height=\"1709\" src=\"https:\/\/dapsenegal.com\/wp-content\/uploads\/2025\/05\/reparateur-de-voiture-vetu-d-un-uniforme-blanc-debout-et-tenant-une-cle-qui-est-un-outil-essentiel-pour-un-mecanicien-scaled.jpg\" class=\"attachment-full size-full wp-image-2988\" alt=\"\" srcset=\"https:\/\/dapsenegal.com\/wp-content\/uploads\/2025\/05\/reparateur-de-voiture-vetu-d-un-uniforme-blanc-debout-et-tenant-une-cle-qui-est-un-outil-essentiel-pour-un-mecanicien-scaled.jpg 2560w, https:\/\/dapsenegal.com\/wp-content\/uploads\/2025\/05\/reparateur-de-voiture-vetu-d-un-uniforme-blanc-debout-et-tenant-une-cle-qui-est-un-outil-essentiel-pour-un-mecanicien-300x200.jpg 300w, https:\/\/dapsenegal.com\/wp-content\/uploads\/2025\/05\/reparateur-de-voiture-vetu-d-un-uniforme-blanc-debout-et-tenant-une-cle-qui-est-un-outil-essentiel-pour-un-mecanicien-1024x683.jpg 1024w, https:\/\/dapsenegal.com\/wp-content\/uploads\/2025\/05\/reparateur-de-voiture-vetu-d-un-uniforme-blanc-debout-et-tenant-une-cle-qui-est-un-outil-essentiel-pour-un-mecanicien-768x513.jpg 768w, https:\/\/dapsenegal.com\/wp-content\/uploads\/2025\/05\/reparateur-de-voiture-vetu-d-un-uniforme-blanc-debout-et-tenant-une-cle-qui-est-un-outil-essentiel-pour-un-mecanicien-1536x1025.jpg 1536w, https:\/\/dapsenegal.com\/wp-content\/uploads\/2025\/05\/reparateur-de-voiture-vetu-d-un-uniforme-blanc-debout-et-tenant-une-cle-qui-est-un-outil-essentiel-pour-un-mecanicien-2048x1367.jpg 2048w, https:\/\/dapsenegal.com\/wp-content\/uploads\/2025\/05\/reparateur-de-voiture-vetu-d-un-uniforme-blanc-debout-et-tenant-une-cle-qui-est-un-outil-essentiel-pour-un-mecanicien-736x491.jpg 736w, https:\/\/dapsenegal.com\/wp-content\/uploads\/2025\/05\/reparateur-de-voiture-vetu-d-un-uniforme-blanc-debout-et-tenant-une-cle-qui-est-un-outil-essentiel-pour-un-mecanicien-600x400.jpg 600w\" sizes=\"(max-width: 2560px) 100vw, 2560px\" \/><\/figure><div class=\"elementor-image-box-content\"><h3 class=\"elementor-image-box-title\">R\u00e9vision moteur et entretien courant<\/h3><p class=\"elementor-image-box-description\">Nous assurons la vidange compl\u00e8te, le remplacement des filtres, la v\u00e9rification des niveaux et l\u2019analyse du moteur pour garantir performance et long\u00e9vit\u00e9 \u00e0 votre v\u00e9hicule, quelle que soit sa marque.<\/p><\/div><\/div>\t\t<\/div>\n\t\t\t\t<\/div>\n\t\t\t\t<\/div>\n\t\t<div class=\"elementor-element elementor-element-f879c7d e-con-full e-flex e-con e-child\" data-id=\"f879c7d\" data-element_type=\"container\">\n\t\t\t\t<div class=\"elementor-element elementor-element-837cece elementor-position-top elementor-widget elementor-widget-image-box\" data-id=\"837cece\" data-element_type=\"widget\" data-widget_type=\"image-box.default\">\n\t\t\t\t<div class=\"elementor-widget-container\">\n\t\t\t<div class=\"elementor-image-box-wrapper\"><figure class=\"elementor-image-box-img\"><img loading=\"lazy\" decoding=\"async\" width=\"740\" height=\"493\" src=\"https:\/\/dapsenegal.com\/wp-content\/uploads\/2025\/05\/service-reparation-atelier-gros-plan_23-2150171280.avif\" class=\"attachment-full size-full wp-image-2987\" alt=\"\" srcset=\"https:\/\/dapsenegal.com\/wp-content\/uploads\/2025\/05\/service-reparation-atelier-gros-plan_23-2150171280.avif 740w, https:\/\/dapsenegal.com\/wp-content\/uploads\/2025\/05\/service-reparation-atelier-gros-plan_23-2150171280-300x200.jpg 300w, https:\/\/dapsenegal.com\/wp-content\/uploads\/2025\/05\/service-reparation-atelier-gros-plan_23-2150171280-737x491.jpg 737w, https:\/\/dapsenegal.com\/wp-content\/uploads\/2025\/05\/service-reparation-atelier-gros-plan_23-2150171280-600x400.jpg 600w\" sizes=\"(max-width: 740px) 100vw, 740px\" \/><\/figure><div class=\"elementor-image-box-content\"><h3 class=\"elementor-image-box-title\">Syst\u00e8me de freinage et suspensions<\/h3><p class=\"elementor-image-box-description\">Votre s\u00e9curit\u00e9 d\u00e9pend d\u2019un bon freinage. Nous inspectons, r\u00e9parons ou rempla\u00e7ons les plaquettes, disques, \u00e9triers et liquides de frein, ainsi que les amortisseurs et suspensions pour une conduite stable et s\u00e9curis\u00e9e.<\/p><\/div><\/div>\t\t<\/div>\n\t\t\t\t<\/div>\n\t\t\t\t<\/div>\n\t\t<div class=\"elementor-element elementor-element-50eba5d e-con-full e-flex e-con e-child\" data-id=\"50eba5d\" data-element_type=\"container\">\n\t\t\t\t<div class=\"elementor-element elementor-element-95175e8 elementor-position-top elementor-widget elementor-widget-image-box\" data-id=\"95175e8\" data-element_type=\"widget\" data-widget_type=\"image-box.default\">\n\t\t\t\t<div class=\"elementor-widget-container\">\n\t\t\t<div class=\"elementor-image-box-wrapper\"><figure class=\"elementor-image-box-img\"><img loading=\"lazy\" decoding=\"async\" width=\"1600\" height=\"900\" src=\"https:\/\/dapsenegal.com\/wp-content\/uploads\/2024\/10\/WhatsApp-Image-2023-03-16-a-21.59.51-1-1.jpg\" class=\"attachment-full size-full wp-image-2745\" alt=\"\" srcset=\"https:\/\/dapsenegal.com\/wp-content\/uploads\/2024\/10\/WhatsApp-Image-2023-03-16-a-21.59.51-1-1.jpg 1600w, https:\/\/dapsenegal.com\/wp-content\/uploads\/2024\/10\/WhatsApp-Image-2023-03-16-a-21.59.51-1-1-300x169.jpg 300w, https:\/\/dapsenegal.com\/wp-content\/uploads\/2024\/10\/WhatsApp-Image-2023-03-16-a-21.59.51-1-1-1024x576.jpg 1024w, https:\/\/dapsenegal.com\/wp-content\/uploads\/2024\/10\/WhatsApp-Image-2023-03-16-a-21.59.51-1-1-768x432.jpg 768w, https:\/\/dapsenegal.com\/wp-content\/uploads\/2024\/10\/WhatsApp-Image-2023-03-16-a-21.59.51-1-1-1536x864.jpg 1536w, https:\/\/dapsenegal.com\/wp-content\/uploads\/2024\/10\/WhatsApp-Image-2023-03-16-a-21.59.51-1-1-870x489.jpg 870w, https:\/\/dapsenegal.com\/wp-content\/uploads\/2024\/10\/WhatsApp-Image-2023-03-16-a-21.59.51-1-1-600x338.jpg 600w\" sizes=\"(max-width: 1600px) 100vw, 1600px\" \/><\/figure><div class=\"elementor-image-box-content\"><h3 class=\"elementor-image-box-title\">Climatisation et refroidissement<\/h3><p class=\"elementor-image-box-description\">Pour votre confort en toute saison, nous r\u00e9parons les pannes de climatisation, rechargement de gaz, nettoyage des circuits et entretien du radiateur et du syst\u00e8me de refroidissement moteur.<\/p><\/div><\/div>\t\t<\/div>\n\t\t\t\t<\/div>\n\t\t\t\t<\/div>\n\t\t\t\t\t<\/div>\n\t\t\t\t<\/div>\n\t\t\t\t<section class=\"elementor-section elementor-top-section elementor-element elementor-element-f114e8a elementor-section-stretched elementor-section-full_width animated-slow elementor-section-height-default elementor-section-height-default elementor-invisible\" data-id=\"f114e8a\" data-element_type=\"section\" data-settings=\"{&quot;stretch_section&quot;:&quot;section-stretched&quot;,&quot;animation&quot;:&quot;fadeInRight&quot;}\">\n\t\t\t\t\t\t<div class=\"elementor-container elementor-column-gap-default\">\n\t\t\t\t\t<div class=\"elementor-column elementor-col-100 elementor-top-column elementor-element elementor-element-cc851ff\" data-id=\"cc851ff\" data-element_type=\"column\" data-settings=\"{&quot;background_background&quot;:&quot;classic&quot;}\">\n\t\t\t<div class=\"elementor-widget-wrap elementor-element-populated\">\n\t\t\t\t\t\t<div class=\"elementor-element elementor-element-a040390 elementor-widget elementor-widget-appointment_schedule\" data-id=\"a040390\" data-element_type=\"widget\" data-widget_type=\"appointment_schedule.default\">\n\t\t\t\t<div class=\"elementor-widget-container\">\n\t\t\t\n<div class=\"block schedule_one\">\n\n  <div class=\"container position-relative\">\n\t<div class=\"section__text-background text-color02 text-center text-background__center\">\n\t\t\t<\/div>\n\t<div class=\"row\">\n\t  <div class=\"col-md-6\">\n\t\t<div class=\"text-appointment\">\n\t\t  <h2 class=\"h-lg\">Planifiez <span class=\"color\">votre rendez-vous<\/span> aujourd'hui<\/h2>\n\t\t  <p class=\"info\">Votre sp\u00e9cialiste de la r\u00e9paration et de l'entretien automobile <\/p>\n\t\t  <h2 class=\"h-phone\">+221 33 822 14 53 \/+221 77 961 18 38<\/h2>\n\t\t  <div>\n\n\t\t\t\t\t\t<a class=\"btn btn-border btn-invert\" href=\"#\" data-toggle=\"modal\"\n\t\t\t  data-target=\"#appointmentForm\"><span>Prendre un rendez-vous<\/span><\/a>\n\t\t\t\t\t  <\/div>\n\t\t<\/div>\n\t  <\/div>\n\t  <div class=\"col-md-6\">\n\t\t<div class=\"img-move animation animated fadeInRight\" data-animation=\"fadeInRight\" data-animation-delay=\"0s\">\n\t\t\t<img loading=\"lazy\" decoding=\"async\" width=\"745\" height=\"253\" src=\"https:\/\/dapsenegal.com\/wp-content\/uploads\/2017\/03\/img-car-move-1-1.png\" class=\"attachment-full size-full\" alt=\"\" srcset=\"https:\/\/dapsenegal.com\/wp-content\/uploads\/2017\/03\/img-car-move-1-1.png 745w, https:\/\/dapsenegal.com\/wp-content\/uploads\/2017\/03\/img-car-move-1-1-600x204.png 600w, https:\/\/dapsenegal.com\/wp-content\/uploads\/2017\/03\/img-car-move-1-1-300x102.png 300w\" sizes=\"(max-width: 745px) 100vw, 745px\" \/>\t\t<\/div>\n\t  <\/div>\n\t<\/div>\n  <\/div>\n<\/div>\n\t\t\t\t\t<\/div>\n\t\t\t\t<\/div>\n\t\t\t\t\t<\/div>\n\t\t<\/div>\n\t\t\t\t\t<\/div>\n\t\t<\/section>\n\t\t\t\t<\/div>\n\t\t","protected":false},"excerpt":{"rendered":"<p>Le c\u0153ur de notre m\u00e9tier, la fiert\u00e9 de DAP S\u00e9n\u00e9gal La r\u00e9paration et l\u2019entretien de v\u00e9hicules ne sont pas de simples prestations : c\u2019est notre expertise principale, celle qui a b\u00e2ti notre r\u00e9putation depuis 2017. Pourquoi choisir DAP pour vos r\u00e9parations ? Parce que chaque v\u00e9hicule m\u00e9rite une attention experte, nous effectuons des diagnostics pr\u00e9cis [&hellip;]<\/p>\n","protected":false},"author":1,"featured_media":2949,"parent":0,"menu_order":0,"comment_status":"closed","ping_status":"closed","template":"","meta":{"footnotes":""},"class_list":["post-2899","page","type-page","status-publish","has-post-thumbnail","hentry"],"yoast_head":"<!-- This site is optimized with the Yoast SEO plugin v23.6 - https:\/\/yoast.com\/wordpress\/plugins\/seo\/ -->\n<title>R\u00e9paration &amp; entretien de v\u00e9hicules - dapsenegal<\/title>\n<meta name=\"robots\" content=\"index, follow, max-snippet:-1, max-image-preview:large, max-video-preview:-1\" \/>\n<link rel=\"canonical\" href=\"https:\/\/dapsenegal.com\/?page_id=2899\" \/>\n<meta property=\"og:locale\" content=\"fr_FR\" \/>\n<meta property=\"og:type\" content=\"article\" \/>\n<meta property=\"og:title\" content=\"R\u00e9paration &amp; entretien de v\u00e9hicules - dapsenegal\" \/>\n<meta property=\"og:description\" content=\"Le c\u0153ur de notre m\u00e9tier, la fiert\u00e9 de DAP S\u00e9n\u00e9gal La r\u00e9paration et l\u2019entretien de v\u00e9hicules ne sont pas de simples prestations : c\u2019est notre expertise principale, celle qui a b\u00e2ti notre r\u00e9putation depuis 2017. Pourquoi choisir DAP pour vos r\u00e9parations ? Parce que chaque v\u00e9hicule m\u00e9rite une attention experte, nous effectuons des diagnostics pr\u00e9cis [&hellip;]\" \/>\n<meta property=\"og:url\" content=\"https:\/\/dapsenegal.com\/?page_id=2899\" \/>\n<meta property=\"og:site_name\" content=\"dapsenegal\" \/>\n<meta property=\"article:modified_time\" content=\"2025-05-26T12:24:17+00:00\" \/>\n<meta name=\"twitter:card\" content=\"summary_large_image\" \/>\n<meta name=\"twitter:label1\" content=\"Dur\u00e9e de lecture estim\u00e9e\" \/>\n\t<meta name=\"twitter:data1\" content=\"3 minutes\" \/>\n<script type=\"application\/ld+json\" class=\"yoast-schema-graph\">{\"@context\":\"https:\/\/schema.org\",\"@graph\":[{\"@type\":\"WebPage\",\"@id\":\"https:\/\/dapsenegal.com\/?page_id=2899\",\"url\":\"https:\/\/dapsenegal.com\/?page_id=2899\",\"name\":\"R\u00e9paration &amp; entretien de v\u00e9hicules - dapsenegal\",\"isPartOf\":{\"@id\":\"https:\/\/dapsenegal.com\/#website\"},\"primaryImageOfPage\":{\"@id\":\"https:\/\/dapsenegal.com\/?page_id=2899#primaryimage\"},\"image\":{\"@id\":\"https:\/\/dapsenegal.com\/?page_id=2899#primaryimage\"},\"thumbnailUrl\":\"https:\/\/dapsenegal.com\/wp-content\/uploads\/2017\/03\/vue-voiture-3d_23-2150796980.avif\",\"datePublished\":\"2025-05-23T15:17:29+00:00\",\"dateModified\":\"2025-05-26T12:24:17+00:00\",\"breadcrumb\":{\"@id\":\"https:\/\/dapsenegal.com\/?page_id=2899#breadcrumb\"},\"inLanguage\":\"fr-FR\",\"potentialAction\":[{\"@type\":\"ReadAction\",\"target\":[\"https:\/\/dapsenegal.com\/?page_id=2899\"]}]},{\"@type\":\"ImageObject\",\"inLanguage\":\"fr-FR\",\"@id\":\"https:\/\/dapsenegal.com\/?page_id=2899#primaryimage\",\"url\":\"https:\/\/dapsenegal.com\/wp-content\/uploads\/2017\/03\/vue-voiture-3d_23-2150796980.avif\",\"contentUrl\":\"https:\/\/dapsenegal.com\/wp-content\/uploads\/2017\/03\/vue-voiture-3d_23-2150796980.avif\",\"width\":740,\"height\":740},{\"@type\":\"BreadcrumbList\",\"@id\":\"https:\/\/dapsenegal.com\/?page_id=2899#breadcrumb\",\"itemListElement\":[{\"@type\":\"ListItem\",\"position\":1,\"name\":\"Home\",\"item\":\"https:\/\/dapsenegal.com\/\"},{\"@type\":\"ListItem\",\"position\":2,\"name\":\"R\u00e9paration &amp; entretien de v\u00e9hicules\"}]},{\"@type\":\"WebSite\",\"@id\":\"https:\/\/dapsenegal.com\/#website\",\"url\":\"https:\/\/dapsenegal.com\/\",\"name\":\"dapsenegal\",\"description\":\"\",\"potentialAction\":[{\"@type\":\"SearchAction\",\"target\":{\"@type\":\"EntryPoint\",\"urlTemplate\":\"https:\/\/dapsenegal.com\/?s={search_term_string}\"},\"query-input\":{\"@type\":\"PropertyValueSpecification\",\"valueRequired\":true,\"valueName\":\"search_term_string\"}}],\"inLanguage\":\"fr-FR\"}]}<\/script>\n<!-- \/ Yoast SEO plugin. -->","yoast_head_json":{"title":"R\u00e9paration &amp; entretien de v\u00e9hicules - dapsenegal","robots":{"index":"index","follow":"follow","max-snippet":"max-snippet:-1","max-image-preview":"max-image-preview:large","max-video-preview":"max-video-preview:-1"},"canonical":"https:\/\/dapsenegal.com\/?page_id=2899","og_locale":"fr_FR","og_type":"article","og_title":"R\u00e9paration &amp; entretien de v\u00e9hicules - dapsenegal","og_description":"Le c\u0153ur de notre m\u00e9tier, la fiert\u00e9 de DAP S\u00e9n\u00e9gal La r\u00e9paration et l\u2019entretien de v\u00e9hicules ne sont pas de simples prestations : c\u2019est notre expertise principale, celle qui a b\u00e2ti notre r\u00e9putation depuis 2017. Pourquoi choisir DAP pour vos r\u00e9parations ? Parce que chaque v\u00e9hicule m\u00e9rite une attention experte, nous effectuons des diagnostics pr\u00e9cis [&hellip;]","og_url":"https:\/\/dapsenegal.com\/?page_id=2899","og_site_name":"dapsenegal","article_modified_time":"2025-05-26T12:24:17+00:00","twitter_card":"summary_large_image","twitter_misc":{"Dur\u00e9e de lecture estim\u00e9e":"3 minutes"},"schema":{"@context":"https:\/\/schema.org","@graph":[{"@type":"WebPage","@id":"https:\/\/dapsenegal.com\/?page_id=2899","url":"https:\/\/dapsenegal.com\/?page_id=2899","name":"R\u00e9paration &amp; entretien de v\u00e9hicules - dapsenegal","isPartOf":{"@id":"https:\/\/dapsenegal.com\/#website"},"primaryImageOfPage":{"@id":"https:\/\/dapsenegal.com\/?page_id=2899#primaryimage"},"image":{"@id":"https:\/\/dapsenegal.com\/?page_id=2899#primaryimage"},"thumbnailUrl":"https:\/\/dapsenegal.com\/wp-content\/uploads\/2017\/03\/vue-voiture-3d_23-2150796980.avif","datePublished":"2025-05-23T15:17:29+00:00","dateModified":"2025-05-26T12:24:17+00:00","breadcrumb":{"@id":"https:\/\/dapsenegal.com\/?page_id=2899#breadcrumb"},"inLanguage":"fr-FR","potentialAction":[{"@type":"ReadAction","target":["https:\/\/dapsenegal.com\/?page_id=2899"]}]},{"@type":"ImageObject","inLanguage":"fr-FR","@id":"https:\/\/dapsenegal.com\/?page_id=2899#primaryimage","url":"https:\/\/dapsenegal.com\/wp-content\/uploads\/2017\/03\/vue-voiture-3d_23-2150796980.avif","contentUrl":"https:\/\/dapsenegal.com\/wp-content\/uploads\/2017\/03\/vue-voiture-3d_23-2150796980.avif","width":740,"height":740},{"@type":"BreadcrumbList","@id":"https:\/\/dapsenegal.com\/?page_id=2899#breadcrumb","itemListElement":[{"@type":"ListItem","position":1,"name":"Home","item":"https:\/\/dapsenegal.com\/"},{"@type":"ListItem","position":2,"name":"R\u00e9paration &amp; entretien de v\u00e9hicules"}]},{"@type":"WebSite","@id":"https:\/\/dapsenegal.com\/#website","url":"https:\/\/dapsenegal.com\/","name":"dapsenegal","description":"","potentialAction":[{"@type":"SearchAction","target":{"@type":"EntryPoint","urlTemplate":"https:\/\/dapsenegal.com\/?s={search_term_string}"},"query-input":{"@type":"PropertyValueSpecification","valueRequired":true,"valueName":"search_term_string"}}],"inLanguage":"fr-FR"}]}},"_links":{"self":[{"href":"https:\/\/dapsenegal.com\/index.php?rest_route=\/wp\/v2\/pages\/2899","targetHints":{"allow":["GET"]}}],"collection":[{"href":"https:\/\/dapsenegal.com\/index.php?rest_route=\/wp\/v2\/pages"}],"about":[{"href":"https:\/\/dapsenegal.com\/index.php?rest_route=\/wp\/v2\/types\/page"}],"author":[{"embeddable":true,"href":"https:\/\/dapsenegal.com\/index.php?rest_route=\/wp\/v2\/users\/1"}],"replies":[{"embeddable":true,"href":"https:\/\/dapsenegal.com\/index.php?rest_route=%2Fwp%2Fv2%2Fcomments&post=2899"}],"version-history":[{"count":7,"href":"https:\/\/dapsenegal.com\/index.php?rest_route=\/wp\/v2\/pages\/2899\/revisions"}],"predecessor-version":[{"id":2994,"href":"https:\/\/dapsenegal.com\/index.php?rest_route=\/wp\/v2\/pages\/2899\/revisions\/2994"}],"wp:featuredmedia":[{"embeddable":true,"href":"https:\/\/dapsenegal.com\/index.php?rest_route=\/wp\/v2\/media\/2949"}],"wp:attachment":[{"href":"https:\/\/dapsenegal.com\/index.php?rest_route=%2Fwp%2Fv2%2Fmedia&parent=2899"}],"curies":[{"name":"wp","href":"https:\/\/api.w.org\/{rel}","templated":true}]}}